{"id":16,"date":"2024-03-03T17:30:25","date_gmt":"2024-03-03T16:30:25","guid":{"rendered":"https:\/\/melanie-joubert-photos.com\/?page_id=16"},"modified":"2025-07-23T19:00:56","modified_gmt":"2025-07-23T17:00:56","slug":"presentation","status":"publish","type":"page","link":"https:\/\/melanie-joubert-photos.com\/index.php\/presentation\/","title":{"rendered":"Pr\u00e9sentation"},"content":{"rendered":"\n<div class=\"wp-block-media-text is-stacked-on-mobile\" style=\"grid-template-columns:40% auto\"><figure class=\"wp-block-media-text__media\"><img loading=\"lazy\" decoding=\"async\" width=\"573\" height=\"573\" src=\"https:\/\/melanie-joubert-photos.com\/wp-content\/uploads\/2024\/03\/1621511835140.jpg\" alt=\"\" class=\"wp-image-32 size-full\" srcset=\"https:\/\/melanie-joubert-photos.com\/wp-content\/uploads\/2024\/03\/1621511835140.jpg 573w, https:\/\/melanie-joubert-photos.com\/wp-content\/uploads\/2024\/03\/1621511835140-300x300.jpg 300w, https:\/\/melanie-joubert-photos.com\/wp-content\/uploads\/2024\/03\/1621511835140-150x150.jpg 150w\" sizes=\"auto, (max-width: 573px) 100vw, 573px\" \/><\/figure><div class=\"wp-block-media-text__content\">\n<p class=\"has-text-align-left\">Depuis toujours passionn\u00e9e par l\u2019image, le sport, la mer et les bateaux, j\u2019ai longtemps pu allier m\u00e9tier et plaisir en travaillant au Chasse-Mar\u00e9e, revue consacr\u00e9e au monde maritime et \u00e0 la voile.<br>J&rsquo;ai suivi les f\u00eates maritimes et fait de nombreux reportages en mer autour des bateaux traditionnels que j\u2019affectionne particuli\u00e8rement.<br>Semaine du Golfe, Voiles de Saint-Tropez, F\u00eates de Brest et Douarnenez, Escale \u00e0 S\u00e8te\u2026 autant d\u2019occasions de d\u00e9couvrir et faire d\u00e9couvrir ces bateaux impressionnants !<br>Et depuis quelques temps, j&rsquo;ai entam\u00e9 un nouveau chapitre dans ma carri\u00e8re, en me lan\u00e7ant dans la photo de sports : escrime, kayak, football, hockey sur glace, rugby, handball, tennis de table&#8230; <br>D\u00e9sormais ind\u00e9pendante, n&rsquo;h\u00e9sitez-pas \u00e0 me contacter pour faire appel \u00e0 mes services.<br>Au plaisir de vous croiser sur l\u2019eau ou au bord des terrains !<\/p>\n\n\n\n<p><\/p>\n\n\n\n<p><\/p>\n<\/div><\/div>\n\n\n\n<p>Contact : &lt; melanie.joubert.photos[@]gmail.com &gt;<\/p>\n","protected":false},"excerpt":{"rendered":"<p>Depuis toujours passionn\u00e9e par l\u2019image, le sport, la mer et les bateaux, j\u2019ai longtemps pu allier m\u00e9tier et plaisir en travaillant au Chasse-Mar\u00e9e, revue consacr\u00e9e au monde maritime et \u00e0 la voile.J&rsquo;ai suivi les f\u00eates maritimes et fait de nombreux reportages en mer autour des bateaux traditionnels que j\u2019affectionne particuli\u00e8rement.Semaine du Golfe, Voiles de Saint-Tropez, [&hellip;]<\/p>\n","protected":false},"author":1,"featured_media":0,"parent":0,"menu_order":0,"comment_status":"closed","ping_status":"closed","template":"","meta":{"footnotes":""},"class_list":["post-16","page","type-page","status-publish","hentry"],"_links":{"self":[{"href":"https:\/\/melanie-joubert-photos.com\/index.php\/wp-json\/wp\/v2\/pages\/16","targetHints":{"allow":["GET"]}}],"collection":[{"href":"https:\/\/melanie-joubert-photos.com\/index.php\/wp-json\/wp\/v2\/pages"}],"about":[{"href":"https:\/\/melanie-joubert-photos.com\/index.php\/wp-json\/wp\/v2\/types\/page"}],"author":[{"embeddable":true,"href":"https:\/\/melanie-joubert-photos.com\/index.php\/wp-json\/wp\/v2\/users\/1"}],"replies":[{"embeddable":true,"href":"https:\/\/melanie-joubert-photos.com\/index.php\/wp-json\/wp\/v2\/comments?post=16"}],"version-history":[{"count":5,"href":"https:\/\/melanie-joubert-photos.com\/index.php\/wp-json\/wp\/v2\/pages\/16\/revisions"}],"predecessor-version":[{"id":137,"href":"https:\/\/melanie-joubert-photos.com\/index.php\/wp-json\/wp\/v2\/pages\/16\/revisions\/137"}],"wp:attachment":[{"href":"https:\/\/melanie-joubert-photos.com\/index.php\/wp-json\/wp\/v2\/media?parent=16"}],"curies":[{"name":"wp","href":"https:\/\/api.w.org\/{rel}","templated":true}]}}